 = 2*q**3 - 17*q**2 + 14*q - 14. Let c be (11/(-4))/(2/(-8)). Is b(c) composite?
True
Suppose b - 7596 = -5*b. Suppose 3*m + 3*m - b = 0. Is m a composite number?
False
Let m(f) = -290*f - 7. Let t(o) = 291*o + 8. Let k(z) = 3*m(z) + 2*t(z). Let j be k(-5). Suppose 4*n + n - j = 0. Is n prime?
False
Let w = 5 + -3. Suppose v + 3*o = 1890, -v - w*o + 1529 = -362. Is v a prime number?
False
Let p(l) = 1803*l**2 - 7*l - 1. Is p(5) composite?
True
Suppose -10*f + 11647 - 3047 = 0. Let z = -507 + f. Is z composite?
False
Let v(n) = n**2 + 4*n - 10. Let w(t) = t**3 - 5*t**2 + t + 2. Let p be w(5). Is v(p) prime?
True
Suppose -3*t + 72190 = 5*y, -3*t + 72191 = 16*y - 12*y. Is t a prime number?
False
Suppose 9*d + 394 = -1460. Let o be (-172)/(-3) + 1/(-3). Let z = o - d. Is z prime?
True
Suppose 15 = 5*l - 0*l. Suppose l*u = -5*q + 11861, -3*q + 2*u + 11851 = 2*q. Is q composite?
False
Let x(p) = 99*p**3 + 10*p**2 + 12*p + 76. Is x(9) a composite number?
True
Let t(s) be the third derivative of -11*s**6/40 + s**5/30 + s**4/6 + s**3/6 + 20*s**2. Is t(-2) composite?
True
Let o = -6 + 8. Suppose -o*k + 7*k = 3755. Is k composite?
False
Let k = -1890 - -3329. Is k a prime number?
True
Suppose 1119599 - 120513 = 22*p. Is p composite?
False
Let z be 4/(-6) + (-56)/(-12). Suppose 3*w = v + 4*v + z, -v = 2. Is (w - -1)/((-5)/265) a composite number?
False
Let d(g) = g + 4. Let j be d(6). Let z be ((-85)/j)/((-2)/116). Suppose -z = -x - 2*c - 3*c, 0 = -3*x - 5*c + 1499. Is x a composite number?
False
Let a(c) = 2*c**2 - 29*c + 31. Is a(-22) prime?
True
Let t(v) = 1180*v**2 + 7*v + 3. Is t(-2) a composite number?
True
Suppose 38907 = -7*w + 188294. Is w a composite number?
False
Let h(s) = -10*s**3 - 3*s**2 + 6*s + 4. Let y be h(5). Let f = y - -1924. Is f a composite number?
True
Suppose 0 = 4*k, 3*r = k - 65 + 17. Let s = r + 20. Suppose s*n = -0*h + h - 143, 0 = -5*h + 2*n + 643. Is h a composite number?
False
Let c(q) = -15*q**3 + 2*q**2 + 3*q + 17. Let r be c(-5). Let j = -1078 + r. Is j prime?
False
Let b(n) be the first derivative of 5*n**3/3 - 16*n**2 - 10*n - 6. Is b(15) a prime number?
False
Suppose -1 = -h + 7. Let t be (-3)/(3/h*-2). Suppose -q = t*q - 1075. Is q prime?
False
Let k be 5*(1 + 1113/5). Suppose c - 4*x = -6, -c + 0*c - 2 = -2*x. Suppose 4*v = 5*f - 2777, 0*f - k = -2*f - c*v. Is f composite?
False
Let j(k) = -k**2 + 12*k + 10. Let z be j(13). Let q(c) = -36*c - 8*c - 1 + 0*c. Is q(z) prime?
True
Is (13 + -15)*((-30258)/4 + -1) a prime number?
True
Suppose 8*p - 3*p = 5*c - 44000, 8798 = c - 3*p. Is c composite?
True
Let h(a) = -2*a + 3. Let y be h(-3). Let d = 7 + y. Suppose -5*w + d = -94. Is w prime?
False
Suppose 4*h = -5*v + 9, 2*v + 5*h = v - 15. Suppose 4*g = 5*p - 6087 - 5718, 11805 = 5*p + v*g. Is p a composite number?
True
Let r = -522 - -1525. Is r prime?
False
Suppose a - 3 = -4*n, a + 3*n - 6 = -3. Suppose 4*y - a*y - 4 = 0. Suppose 879 = 3*h - y*s, -5*s + 293 = h - 2*s. Is h composite?
False
Let s = 40 + -33. Let b = 96 - s. Is b a prime number?
True
Let u = 36269 - 24303. Let c = u - 3973. Is c composite?
False
Suppose -3*n = 4 - 34. Let p(t) be the first derivative of -t**4/4 + 11*t**3/3 + 5*t**2/2 + 13*t + 448. Is p(n) prime?
True
Let f be (-39)/(-91) - (-386)/14. Suppose 154 = 2*i - f. Is i a prime number?
False
Suppose 2*v - 3453 = -3*w, -8*w + 9*w = -5*v + 1164. Is w a composite number?
True
Suppose -43*y = -26*y - 175219. Is y a composite number?
True
Let i(l) = -l**3 - 6*l**2. Let z be i(-6). Suppose z = 2*s - 2 - 6. Suppose u = s*u - 1497. Is u prime?
True
Let b = 971 - 304. Is b a prime number?
False
Let r = -24 - -13. Let x = 3 + r. Let b(f) = -10*f - 1. Is b(x) a prime number?
True
Suppose 2*x - 4*x - 5*w = -129, x - 77 = -5*w. Suppose 3*y + 2*i = 330, y - 2*y + 5*i = -110. Let z = y - x. Is z a prime number?
False
Suppose -3*t + 10 = -t. Suppose -t*o - 1744 + 5619 = -3*i, -2*o + 1539 = i. Suppose -o = -8*d + 516. Is d a composite number?
True
Suppose -68*a - 3*m + 4635 = -65*a, -3*a + 4631 = m. Is a composite?
False
Suppose -5*g = -w + 333, -2*w + 626 = -0*w - 2*g. Let t(v) = -33*v - 18. Let u be t(3). Let z = u + w. Is z prime?
True
Suppose -5*l + 4115 = -5*f, 3*f - 446 = -l + 357. Let z = l - 460. Is z a prime number?
False
Let j be 4/(1 - -1) + -5. Let s be (6 + -3)/j + 6. Suppose 0*q + s*i = -q + 310, 0 = -q - i + 330. Is q a composite number?
True
Let j(v) be the second derivative of -v**5/20 - 3*v**4/4 + 29*v**3/6 - 8*v**2 - 17*v. Is j(-15) prime?
False
Suppose 5*a - 6182 = -4*j, 4*a + 4*j - 4945 = j. Suppose -i + 177 + 462 = -4*n, -2*i = 3*n - a. Is i prime?
False
Suppose -5*o + 2*f = -2 - 3, -3 = -3*o + 4*f. Let r be 4 + ((-1)/o - -3). Is (-9)/r - 5140/(-8) a composite number?
False
Let p = -32255 + 46309. Is p a composite number?
True
Let c be (-3 - 3)/(-2) - 11. Let d be (-106)/c + 2/(-8). Is 3/(-12)*-4*d prime?
True
Let c(z) = 53*z - 14. Let q(f) = -27*f + 7. Let p(r) = -2*c(r) - 5*q(r). Suppose 4*d = -2*b, -9*b - 6 = -11*b - d. Is p(b) composite?
False
Let q(i) = 1592*i - 1. Is q(12) a composite number?
True
Suppose 5*v - 5*a = 660, 4*v - 2*a + 242 = 772. Is v prime?
False
Let f be (((-8)/(-3))/(-2))/(18/189). Is (-56)/f + (2424 - -1) prime?
False
Suppose -19*f + 282329 + 6224 = 0. Is f composite?
False
Let j(w) = -15*w**3 - 9*w**2 - 4*w - 19. Is j(-9) composite?
False
Let z = -1011 + 1898. Suppose 5*x - 2268 = z. Is x composite?
False
Suppose -7694 = -178*x + 176*x. Is x composite?
False
Suppose -3*f + 11*f - 6472 = 0. Is f a composite number?
False
Let x = -9208 + 14579. Is x prime?
False
Suppose -8*x + 2*w - 12760 = -10*x, x = 5*w + 6362. Is x prime?
False
Suppose -46 = -3*r - 40. Suppose -9*h = -r*h - 19047. Is h composite?
True
Let l(f) = f**3 - 5*f**2 - 7*f + 6. Let v be l(6). Suppose v = -11*k + 5*k + 11754. Is k prime?
False
Is (26 + -27)/((-45338)/(-22670) - 2) prime?
False
Let i(m) = 29*m**2 + 13*m - 9. Let r(w) = 3*w + 20. Let c be r(-10). Is i(c) a composite number?
True
Suppose 0 = 2*c + u - 22965, -6*u + 34452 = 3*c - 9*u. Is c composite?
False
Let c = 25444 + -12513. Is c prime?
False
Suppose -l = -4*t - 9, 3*l - 3*t - 6 = 3. Is (-3)/l*(-1 + 610/(-3)) a prime number?
True
Let p be 0 - 2 - 28/(-7). Suppose -6*n = -n - 20. Suppose -p*f + 3*r + 158 = -0*f, 0 = n*r. Is f composite?
False
Let f(t) = 1 + 10*t - 4 + 0 + 6*t**2. Let w be (-8 - (-310)/40)/((-1)/(-28)). Is f(w) prime?
False
Let b be 9/(-21) - 17/(-7). Let r(f) = -136*f + 1. Let t(x) = -27*x. Let p(h) = b*r(h) - 11*t(h). Is p(5) a composite number?
False
Suppose 975*l - 964*l - 179663 = 0. Is l a composite number?
False
Suppose 12 = 8*d - 5*d. Let j = 0 + d. Is 28/(-6)*(-282)/j a prime number?
False
Let b = 1018 - 1814. Let w = b - -1595. Is w a composite number?
True
Is -1 + (-1)/(-2) + 22698/4 a prime number?
False
Let t be (-1 - 1)*(-4 + 2). Let h be 25*-2*2/t. Let j = 66 - h. Is j prime?
False
Let i = 7 + -2. Suppose i*r = 9*r - 12. Suppose -3*v - 3*w + 270 = 0, 0 = -r*v - 5*w + 307 - 35. Is v a prime number?
True
Is (-342021)/(-18) + (-7)/42 a prime number?
True
Let a = 153 - 1967. Is (-2 + 3)/((-2)/a) prime?
True
Is ((-11018)/3)/(56/(-84)) prime?
False
Suppose 36*t = 8813621 + 2092399. Is t prime?
False
Suppose -o + 0 = h - 9, 4*o - 21 = -h. Suppose 0 = o*k - 5*r - 376, 4*k - 184 = -r + 168. Is k a prime number?
True
Let i be (-7236)/(-7) - (-8)/28. Suppose i = 3*t - t. Is t prime?
False
Let w = 2971 + -1309. Let x = 3223 - w. Is x a composite number?
True
Suppose -5*i = -x - 865, 4*x + 0*i + 3*i + 3506 = 0. Let q be x/(-2) + (-12)/(-8). Suppose l = -5*n + 244, 4*n - 304 = -3*l + q. Is l composite?
True
Suppose -4*i = 4 - 12. Let s = 18 - 15. Suppose c - 397 = -5*l - s*c, -379 = -5*l + i*c. Is l a composite number?
True
Is (-8 - (15 - 14))*(-6502)/6 prime?
False
Suppose 4*h = 3*z - 16991, z + 4*h - 5657 = 7*h. Is z prime?
True
Suppose 3016 = 8*k + 5*k. Let l = -87 - 100. Let i = k - l. Is i composite?
False
Let w be (-3)/(-1) - 3236/(-4). Suppose -8*k + w = -4*k. Is k composite?
True
Suppose 6*h - 3*h - 6 = 0, 3*s + 5*h - 49 = 0. Suppose 0 = s*g - 144 - 51. Is g a prime number?
False
Let o be (-5)/(20/(-8))*1. Let y = -6 + o. Is 0 + y + 90 + 0 prime?
False
Let v = 9 - 2. Let y = v + -6. Is -3 - (-39 - (-2 + y)) comp